
-3b
In base 7, what is -355 - -2?
-353
In base 14, what is 5 + b8?
bd
In base 5, what is -304 - -10?
-244
In base 13, what is 0 + 2c?
2c
In base 6, what is -5 + -20502?
-20511
In base 3, what is 101122 - -1?
101200
In base 11, what is 4 + -117?
-113
In base 13, what is -593 - 5?
-598
In base 14, what is -12 + -15?
-27
In base 9, what is -635 + 6?
-628
In base 7, what is -2 + 435?
433
In base 3, what is 1110111211 - 12?
1110111122
In base 8, what is 54 + 7?
63
In base 12, what is 66 + -4?
62
In base 11, what is -8 + -245?
-252
In base 5, what is -1 + 20044?
20043
In base 4, what is -13 - -111?
32
In base 16, what is 5db - -6?
5e1
In base 9, what is 5 + 827?
833
In base 16, what is 24 - 8?
1c
In base 15, what is -45 - -15?
-30
In base 6, what is -52 + 1324?
1232
In base 9, what is 31 - -6?
37
In base 11, what is 60 + -3?
58
In base 6, what is -3045 - 3?
-3052
In base 7, what is -301 - -4?
-264
In base 4, what is -12331 - -3?
-12322
In base 8, what is -532 - -1?
-531
In base 10, what is -672 - 3?
-675
In base 13, what is 3 - -498?
49b
In base 10, what is 120 + 3?
123
In base 7, what is 63656 - 5?
63651
In base 4, what is -2 - 20220?
-20222
In base 13, what is -5 + 14ca?
14c5
In base 16, what is -2291 + 3?
-228e
In base 4, what is 2230312 - -3?
2230321
In base 11, what is -67 - 4?
-70
In base 5, what is -22 + 42?
20
In base 15, what is 2 - bc5?
-bc3
In base 3, what is -11 + 21101?
21020
In base 8, what is 535 + 3?
540
In base 4, what is -200020 + 3?
-200011
In base 2, what is 111 + -1101110000?
-1101101001
In base 16, what is -3 - 33a?
-33d
In base 11, what is -141 + -1?
-142
In base 15, what is 0 - 4e?
-4e
In base 7, what is -36 + -3?
-42
In base 11, what is -4 - 2?
-6
In base 2, what is 1000 - 0?
1000
In base 9, what is -1 + 3417?
3416
In base 13, what is 3 - -10a?
110
In base 4, what is -11 - 102?
-113
In base 8, what is -1 + 67?
66
In base 15, what is 3d39 + 4?
3d3d
In base 11, what is 37 + a?
46
In base 9, what is 147 - 0?
147
In base 12, what is -2 + -1407?
-1409
In base 4, what is 201 - -22?
223
In base 14, what is 34 - 1b?
17
In base 5, what is 4 + -100?
-41
In base 11, what is -5 + -6a?
-74
In base 8, what is -45 + -11?
-56
In base 15, what is -197 + 3?
-194
In base 2, what is -110001 - 100001?
-1010010
In base 7, what is 0 + 35?
35
In base 7, what is 0 + 324?
324
In base 5, what is 10 + 320?
330
In base 12, what is 112 + 1?
113
In base 8, what is 4 + -2103?
-2077
In base 8, what is 7476 + 5?
7503
In base 3, what is -1000120 + -10?
-1000200
In base 6, what is -21 + 22?
1
In base 3, what is 211211100 - 11?
211211012
In base 10, what is -176 + 40?
-136
In base 5, what is 10 - -4433?
4443
In base 3, what is -10221 + -12?
-11010
In base 13, what is -209 - 14?
-220
In base 4, what is 2200031 + 10?
2200101
In base 14, what is 2 + 609?
60b
In base 15, what is 1a - -219?
234
In base 11, what is -4 + -521?
-525
In base 6, what is 2 - 4145?
-4143
In base 4, what is 3 + 10103?
10112
In base 10, what is -145 + 2?
-143
In base 9, what is -436 + 5?
-431
In base 13, what is 6 - b?
-5
In base 3, what is 1 + 2100121?
2100122
In base 14, what is -3 - -98?
95
In base 3, what is 121200000 + -10?
121122220
In base 10, what is -596 + 1?
-595
In base 6, what is -2 - 450?
-452
In base 9, what is -3 - 87?
-101
In base 11, what is 5 - -7?
11
In base 9, what is 1 - 1877?
-1876
In base 9, what is -737 + -2?
-740
In base 2, what is -10111 - -10000?
-111
In base 10, what is -3178 + -6?
-3184
In base 4, what is 23120 + 2?
23122
In base 13, what is -5 - 16?
-1b
In base 8, what is 3 + -13?
-10
In base 12, what is 3 + -362?
-35b
In base 8, what is -114 - 0?
-114
In base 6, what is 1 + 5404?
5405
In base 12, what is 136b - 4?
1367
In base 7, what is 54 + 0?
54
In base 14, what is -5 - -11?
a
In base 10, what is -11 + -22?
-33
In base 3, what is -10221 - 10?
-11001
In base 12, what is 38 - 3?
35
In base 10, what is -259 - 92?
-351
In base 10, what is -1 - 343?
-344
In base 11, what is -2 - 159?
-160
In base 4, what is -3 - 23032?
-23101
In base 15, what is 2 + -32?
-30
In base 7, what is -3 - 201?
-204
In base 2, what is -1001011 + 11?
-1001000
In base 12, what is -6 - 30?
-36
In base 5, what is -103320 - -10?
-103310
In base 14, what is -2a - 0?
-2a
In base 5, what is -4 - 122?
-131
In base 6, what is -4 - -1130?
1122
In base 16, what is -759 + -3?
-75c
In base 6, what is -2 - -45510?
45504
In base 15, what is 203 + -9?
1e9
In base 3, what is 1110011 - 0?
1110011
In base 12, what is 155 - -4?
159
In base 10, what is 2 - 1898?
-1896
In base 9, what is -13 - -400?
376
In base 7, what is -14656 - 3?
-14662
In base 10, what is -3 - 852?
-855
In base 2, what is -1011 - -1?
-1010
In base 13, what is -45 - 47?
-8c
In base 2, what is -11100 - -1010?
-10010
In base 11, what is -179 - 3?
-181
In base 6, what is -2333 + -4?
-2341
In base 11, what is a + 7?
16
In base 8, what is 3523 - -2?
3525
In base 10, what is -65 + 152?
87
In base 11, what is 96 + 22?
108
In base 12, what is -3 + 42?
3b
In base 7, what is -5 + 436?
431
In base 3, what is -2011 - 1?
-2012
In base 2, what is -100 - -10010010?
10001110
In base 13, what is 6 + 3b9?
3c2
In base 10, what is 2171 - 1?
2170
In base 11, what is 0 - 125?
-125
In base 6, what is -5 + -145?
-154
In base 2, what is 1 - 10000001001011?
-10000001001010
In base 12, what is -8 + 2?
-6
In base 7, what is 16013 - 3?
16010
In base 6, what is 240 - -12?
252
In base 14, what is -7 - -1817?
1810
In base 12, what is -13b + 0?
-13b
In base 7, what is 5 - -53?
61
In base 10, what is -159 - 1?
-160
In base 4, what is -311 - -10?
-301
In base 3, what is -210 + 1?
-202
In base 4, what is -2 - 21330?
-21332
In base 4, what is 11013 - 103?
10310
In base 8, what is 37 - -114?
153
In base 7, what is 3 + -24?
-21
In base 7, what is -5 + 13112?
13104
In base 10, what is 0 + -131?
-131
In base 13, what is 2 + 780?
782
In base 11, what is 419 - 5?
414
In base 4, what is 1331112 - -1?
1331113
In base 10, what is 4 - -32?
36
In base 4, what is 11202 + 120?
11322
In base 15, what is 2e5 + 2?
2e7
In base 9, what is 41 - 28?
12
In base 14, what is 38 + 1?
39
In base 11, what is -29 + 7?
-22
In base 11, what is -352 + -13?
-365
In base 11, what is 1a - -4?
23
In base 9, what is 1 - -374?
375
In base 10, what is -1801 + 1?
-1800
In base 9, what is 25 + -4?
21
In base 8, what is 5 + -3343?
-3336
In base 14, what is 7 + 10?
17
In base 8, what is 17 + 113?
132
In base 14, what is 2 - -7c3?
7c5
In base 15, what is 115 - -4?
119
In base 11, what is 4 + 4?
8
In base 14, what is -2 - -15d?
15b
In base 3, what is -12 + -20100?
-20112
In base 13, what is 3 - -9b?
a1
In base 9, what is -4 + -3384?
-3388
In base 11, what is 1199 + 5?
11a3
In base 16, what is -1eb - 2?
-1ed
In base 12, what is 234 + 0?
234
In base 11, what is 1 + 64?
65
In base 12, what is 398a - -5?
3993
In base 15, what is -3 - -289?
286
In base 15, what is 2 - -1a5?
1a7
In base 6, what is -5 + 533?
524
In base 10, what is -163 - 1?
-164
In base 15, what is 2 + -3c9?
-3c7
In base 11, what is 185 - 18?
168
In base 8, what is -3 + 5674?
5671
In base 5, what is -1423 + 22?
-1401
In base 8, what is 21657 + -5?
21652
In base 9, what is -5 - 2780?
-2785
In base 3, what is -100122011 + 11?
-100122000
In base 16, what is 1b - 5?
16
In base 6, what is -251 - 151?
-442
In base 2, what is 110 - 1011110011?
-1011101101
In base 16, what is 12 + -34?
-22
In base 2, what is -11 - -111000?
110101
In base 13, what is -4 + 4?
0
In base 13, what is 3b - 8?
33
In base 14, what is -2635 + -3?
-2638
In base 5, what is 3 + 140?
143
In base 7, what is 24 - 0?
24
In base 2, what is 11001111110001 + 11?
11001111110100
In base 15, what is 2a - -a?
35
In base 7, what is 2 + -244?
-242
In base 8, what is -57 + 3?
-54
In base 7, what is 22545 + 2?
22550
In base 3, what is -101 - 1?
-102
In base 8, what is -12 + -45?
-57
In base 2, what is 11 - 10010?
-1111
In base 13, what is -aa + -2?
-ac
In base 13, what is -302 - 3?
-305
In base 4, what is -1 + 10023?
10022
In base 15, what is 17 + 3?
1a
In base 14, what is 4 + -1?
3
In base 16, what is 37a + 0?
37a
In base 10, what is 121 + 7?
128
In base 8, what is -5 - 47?
-54
In base 8, what is -2 - 13?
-15
In base 2, what is -100 - 110111111?
-111000011
In base 10, what is -1335 - -2?
-1333
In base